{"id":2019,"date":"2014-04-22T16:17:06","date_gmt":"2014-04-22T16:17:06","guid":{"rendered":"https:\/\/relojes-especiales.com\/blog\/?page_id=2019"},"modified":"2023-07-19T09:06:04","modified_gmt":"2023-07-19T08:06:04","slug":"aviso-legal","status":"publish","type":"page","link":"https:\/\/relojes-especiales.com\/blog\/aviso-legal\/","title":{"rendered":"Aviso Legal"},"content":{"rendered":"<div class=\"docpara \">\n<div class=\"docpara \">\n<p><strong><u>AVISO LEGAL<\/u><\/strong><\/p>\n<p><strong><u>TITULAR DEL PORTAL O P\u00c1GINA WEB<\/u><\/strong><br \/>\n<strong>Titular: <\/strong>UNDESTO, SOCIEDAD LIMITADA.<br \/>\n<strong>P\u00e1gina Web:<\/strong> <a href=\"https:\/\/relojes-especiales.com\/\">https:\/\/relojes-especiales.com\/<\/a><br \/>\n<strong>CIF:<\/strong> B66824657.<br \/>\n<strong>Direcci\u00f3n postal:<\/strong> c\/ Pau Claris, 149, 1\u00ba-1\u00aa 08009 \u2013 Barcelona.<br \/>\n<strong>Contacto:<\/strong> <a href=\"mailto:admin@relojes-especiales.com\">admin@relojes-especiales.com<\/a><br \/>\n<strong>Datos de Registro Mercantil:<\/strong> Inscrita en el Registro Mercantil con fecha 28\/07\/2016, n\u00famero de inscripci\u00f3n 1\u00aa, tomo 45487, folio 66, secci\u00f3n, hoja 489458.<\/p>\n<p><strong><u>CONDICIONES GENERALES DEL USO DEL PORTAL<\/u><\/strong><br \/>\nLa Administraci\u00f3n de Relojes-Especiales.com le informa de que el acceso y uso de la p\u00e1gina web <a href=\"http:\/\/www.relojes-especiales.com\">www.relojes-especiales.com<\/a> y todos los subdominios y directorios incluidos bajo la misma (en adelante, conjuntamente denominados como el Portal), as\u00ed como los servicios o contenidos que a trav\u00e9s del citado Portal se puedan obtener, est\u00e1n sujetos a los t\u00e9rminos que se detallan en este Aviso Legal, sin perjuicio de que el acceso a alguno de dichos servicios o contenidos pueda precisar de la aceptaci\u00f3n de unas Condiciones Generales, o particulares, adicionales (vide Normas de Urbanidad y Conducta, Normas Particulares para los Foros de Compraventa).<\/p>\n<p>Por ello, si las consideraciones detalladas en este Aviso Legal no son de su conformidad, la Administraci\u00f3n de Relojes-Especiales.com le ruega que no haga uso del Portal, ya que cualquier uso que haga del mismo o de los servicios y contenidos en \u00e9l incluidos, implicar\u00e1 la aceptaci\u00f3n de los t\u00e9rminos legales recogidos en este texto.<\/p>\n<p>Dado que, por la naturaleza de Internet, se pueda acceder al Portal desde cualquier parte del mundo, los contenidos del mismo, as\u00ed como los servicios que en general ofrece Relojes-Especiales.com van dirigidos a usuarios que operan en cualquier pa\u00eds. No obstante lo anterior, al hacer uso de los servicios y contenidos ofrecidos, la Administraci\u00f3n de Relojes-Especiales.com se reserva el derecho a rechazar la prestaci\u00f3n de servicios o el env\u00edo de contenidos, en aquellos casos que estime oportuno. As\u00ed mismo, la Administraci\u00f3n de Relojes-Especiales.com se reserva el derecho a denegar o retirar el acceso a su Portal, en cualquier momento y sin necesidad de preaviso, a aquellos Usuarios que incumplan las presentes Condiciones Generales as\u00ed como las Condiciones Particulares que resulten de aplicaci\u00f3n y, que m\u00e1s adelante, se detallar\u00e1n.<\/p>\n<p>La Administraci\u00f3n de Relojes-Especiales.com se reserva el derecho de efectuar, en cualquier momento y sin necesidad de previo aviso, modificaciones y actualizaciones de la informaci\u00f3n contenida en el Portal, de la configuraci\u00f3n y presentaci\u00f3n de \u00e9ste y de las condiciones de acceso. Los contenidos y servicios del Portal se actualizan peri\u00f3dicamente. Debido a que la actualizaci\u00f3n de la informaci\u00f3n no es inmediata, la Administraci\u00f3n de Relojes-Especiales.com sugiere que compruebe siempre la vigencia y exactitud de la informaci\u00f3n, servicios y contenidos recogidos en el Portal.<\/p>\n<p>Las condiciones y t\u00e9rminos que se recogen en el presente Aviso Legal pueden variar, por lo que la Administraci\u00f3n de Relojes-Especiales.com le invita a que revise estos t\u00e9rminos cuando visite de nuevo el Portal. Asimismo, el presente Aviso Legal se entender\u00e1 sin perjuicio de cualesquiera otras Condiciones Generales, y particulares, que regulen el acceso a servicios y contenidos concretos dentro del Portal.<\/p>\n<p>La Administraci\u00f3n de Relojes-Especiales.com no controla ni garantiza la ausencia de virus ni otros elementos al acceder a su Portal que pueda producir alteraciones en los documentos electr\u00f3nicos y ficheros almacenados en su sistema inform\u00e1tico. Por ello, Administraci\u00f3n de Relojes-Especiales.com declina toda responsabilidad por los da\u00f1os y perjuicios de toda naturaleza que puedan deberse al uso que los Usuarios hacen del Portal y de sus servicios o contenidos.<\/p>\n<p>La Administraci\u00f3n de Relojes-Especiales.com no garantiza la inexistencia de interrupciones o errores en el acceso a la Web o a su contenido, ni que \u00e9sta se encuentre actualizada. La Administraci\u00f3n de Relojes-Especiales.com podr\u00e1 llevar a cabo, siempre que no concurran causas que lo hagan imposible o de dif\u00edcil ejecuci\u00f3n, y tan pronto tenga noticia de los errores, desconexiones o falta de actualizaci\u00f3n en los contenidos, todas a aquellas labores tendentes a subsanar los errores, restablecer la comunicaci\u00f3n y actualizar los contenidos, declinando cualquier responsabilidad por los da\u00f1os y perjuicios de toda naturaleza que puedan deberse a la falta de disponibilidad o de continuidad del funcionamiento del Portal y de sus servicios y contenidos.<\/p>\n<p><strong><u>DERECHOS DE PROPIEDAD INTELECTUAL Y DE PROPIEDAD INDUSTRIAL<\/u><\/strong><br \/>\nTanto el dise\u00f1o del Portal y sus c\u00f3digos fuente, como los logos, marcas y dem\u00e1s signos distintivos que aparecen en el mismo, pertenecen al propietario de Relojes-Especiales.com o a entidades colaboradoras o patrocinadoras y est\u00e1n protegidos por los correspondientes derechos de propiedad intelectual e industrial. Igualmente est\u00e1n protegidos por los correspondientes derechos de propiedad intelectual e industrial las im\u00e1genes, logos y melod\u00edas, etc., contenidos en el servidor de Relojes-Especiales.com.<\/p>\n<p>Su uso, reproducci\u00f3n, distribuci\u00f3n, comunicaci\u00f3n p\u00fablica, transformaci\u00f3n o cualquier otra actividad similar o an\u00e1loga, queda totalmente prohibida salvo que medie expresa autorizaci\u00f3n escrita de la Administraci\u00f3n de Relojes-Especiales.com, oblig\u00e1ndose el usuario del Portal a utilizar el mismo de forma diligente, correcta y l\u00edcita, as\u00ed como asumiendo el compromiso de no suprimir, eludir o manipular el copyright, marcas y dem\u00e1s datos identificativos de los derechos de Relojes-Especiales.com, incorporados a los contenidos y\/o productos comercializados desde este Portal; de no emplear los contenidos y, en particular, la informaci\u00f3n de Relojes-Especiales.com obtenida a trav\u00e9s de nuestro Web Site para remitir publicidad, comunicaciones con fines de venta directa o con cualquier otra clase de finalidad comercial, mensajes no solicitados dirigidos a una pluralidad de personas; de no reproducir o copiar, distribuir, permitir el acceso del p\u00fablico a trav\u00e9s de cualquier modalidad de comunicaci\u00f3n p\u00fablica, transformar o modificar los contenidos, a menos que se cuente con la autorizaci\u00f3n del titular de los correspondientes derechos o ello resulte legalmente permitido; y en general, de no utilizar los contenidos de forma, con fines o efectos contrarios a la ley, a la moral y a las buenas costumbres generalmente aceptadas o al orden p\u00fablico.<\/p>\n<p>En todo caso, la Administraci\u00f3n de Relojes-Especiales.com declara su respeto a los derechos de propiedad intelectual e industrial de terceros; por ello, si considera que este sitio pudiera estar violando sus derechos, rogamos se ponga en contacto con la Administraci\u00f3n de Relojes-Especiales.com en la siguiente direcci\u00f3n de e-mail <a href=\"mailto:admin@relojes-especiales.com\">admin@relojes-especiales.com<\/a>.<\/p>\n<p><strong><u>LINKS O HIPERENLACES<\/u><\/strong><br \/>\nLa Administraci\u00f3n de Relojes-Especiales.com le facilita el acceso a otras p\u00e1ginas web que considera pueden ser de su inter\u00e9s. No obstante, dichas p\u00e1ginas no le pertenecen, ni hace una revisi\u00f3n de sus contenidos y, por ello, no puede hacerse responsable de los mismos, del funcionamiento de la p\u00e1gina enlazada o de los posibles da\u00f1os que puedan derivarse del acceso o uso de la misma. Asimismo, la Administraci\u00f3n de Relojes-Especiales.com se muestra plenamente respetuosa con los derechos de propiedad intelectual o industrial que le puedan corresponder, a terceras personas, sobre las p\u00e1ginas web a las que se refieran los citados enlaces. Por tal motivo, si considera que el establecimiento de los citados enlaces pudiera estar violando sus derechos, rogamos se ponga en contacto con la Administraci\u00f3n de Relojes-Especiales.com en la siguiente direcci\u00f3n de e-mail <a href=\"mailto:admin@relojes-especiales.com\">admin@relojes-especiales.com<\/a>.<\/p>\n<p>Por otro lado, con car\u00e1cter general se autoriza el enlace al Portal de p\u00e1ginas web o de direcciones de correo electr\u00f3nico, excepci\u00f3n hecha de aquellos supuestos en los que, expresamente, la Administraci\u00f3n de Relojes-Especiales.com manifieste lo contrario. Adicionalmente, y en todo caso para entender aplicable dicha autorizaci\u00f3n general, dichos enlaces deber\u00e1n respetar, necesariamente, la siguiente condici\u00f3n: el establecimiento del enlace no supondr\u00e1, por s\u00ed mismo y necesariamente, ning\u00fan tipo de acuerdo, contrato, patrocinio ni recomendaci\u00f3n por parte de la Administraci\u00f3n de Relojes-Especiales.com de la p\u00e1gina que realiza el enlace.<\/p>\n<p>No obstante lo anterior, en cualquier momento la Administraci\u00f3n de Relojes-Especiales.com podr\u00e1 retirar la autorizaci\u00f3n mencionada en el p\u00e1rrafo anterior, sin necesidad de alegar causa alguna, pudiendo proceder, en tal caso, a la inmediata supresi\u00f3n del citado enlace.<\/p>\n<p><strong><u>FRAMES O MARCOS<\/u><\/strong><br \/>\nLa Administraci\u00f3n de Relojes-Especiales.com proh\u00edbe expresamente la realizaci\u00f3n de \u00abframings\u00bb o la utilizaci\u00f3n por parte de terceros de cualesquiera otros mecanismos que alteren el dise\u00f1o, configuraci\u00f3n original o contenidos de su Portal.<\/p>\n<p><strong><u>PUBLICIDAD<\/u><\/strong><br \/>\nEn el Portal se insertar\u00e1 aquella publicidad de Relojes-Especiales.com o de terceras empresas anunciantes que la Administraci\u00f3n de Relojes-Especiales.com considere que pueda ser de su inter\u00e9s.<\/p>\n<p>Sin perjuicio de lo establecido en la Pol\u00edtica de Protecci\u00f3n de Datos, la Administraci\u00f3n de Relojes-Especiales.com cuenta con la autorizaci\u00f3n de los anunciantes para poder facilitar los datos de contacto de \u00e9stos a los usuarios del Portal. A su vez, la Administraci\u00f3n de Relojes-Especiales.com se compromete a no facilitar informaci\u00f3n de usuarios del Portal a los anunciantes, salvo que un usuario o usuarios concretos del Portal se lo autoricen expresamente por escrito.<\/p>\n<p><strong><u>LEY APLICABLE Y JURISDICCI\u00d3N<\/u><\/strong><br \/>\nLas presentes condiciones, se regir\u00e1n por la legislaci\u00f3n espa\u00f1ola, que se ser\u00e1 de aplicaci\u00f3n en lo no dispuesto en estas condiciones en materia de interpretaci\u00f3n, validez y ejecuci\u00f3n. UNDESTO, S.L.\/Relojes-Especiales.com. y el usuario, con renuncia expresa a cualquier otro fuero, se someten al de los juzgados y tribunales de Barcelona.<\/p>\n<p>&nbsp;<\/p>\n<\/div>\n<\/div>\n","protected":false},"excerpt":{"rendered":"<p>AVISO LEGAL TITULAR DEL PORTAL O P\u00c1GINA WEB Titular: UNDESTO, SOCIEDAD LIMITADA. P\u00e1gina Web: https:\/\/relojes-especiales.com\/ CIF: B66824657. Direcci\u00f3n postal: c\/ Pau Claris, 149, 1\u00ba-1\u00aa 08009<\/p>\n","protected":false},"author":1,"featured_media":0,"parent":0,"menu_order":0,"comment_status":"closed","ping_status":"closed","template":"","meta":{"_seopress_robots_primary_cat":"","_seopress_titles_title":"","_seopress_titles_desc":"","_seopress_robots_index":"","footnotes":""},"class_list":["post-2019","page","type-page","status-publish","hentry"],"_links":{"self":[{"href":"https:\/\/relojes-especiales.com\/blog\/wp-json\/wp\/v2\/pages\/2019","targetHints":{"allow":["GET"]}}],"collection":[{"href":"https:\/\/relojes-especiales.com\/blog\/wp-json\/wp\/v2\/pages"}],"about":[{"href":"https:\/\/relojes-especiales.com\/blog\/wp-json\/wp\/v2\/types\/page"}],"author":[{"embeddable":true,"href":"https:\/\/relojes-especiales.com\/blog\/wp-json\/wp\/v2\/users\/1"}],"replies":[{"embeddable":true,"href":"https:\/\/relojes-especiales.com\/blog\/wp-json\/wp\/v2\/comments?post=2019"}],"version-history":[{"count":3,"href":"https:\/\/relojes-especiales.com\/blog\/wp-json\/wp\/v2\/pages\/2019\/revisions"}],"predecessor-version":[{"id":16071,"href":"https:\/\/relojes-especiales.com\/blog\/wp-json\/wp\/v2\/pages\/2019\/revisions\/16071"}],"wp:attachment":[{"href":"https:\/\/relojes-especiales.com\/blog\/wp-json\/wp\/v2\/media?parent=2019"}],"curies":[{"name":"wp","href":"https:\/\/api.w.org\/{rel}","templated":true}]}}