{"id":1931,"date":"2014-04-11T13:07:42","date_gmt":"2014-04-11T13:07:42","guid":{"rendered":"https:\/\/relojes-especiales.com\/blog\/?page_id=1931"},"modified":"2014-07-07T12:09:43","modified_gmt":"2014-07-07T12:09:43","slug":"el-principal-portal-de-relojeria-en-castellano","status":"publish","type":"page","link":"https:\/\/relojes-especiales.com\/blog\/el-principal-portal-de-relojeria-en-castellano\/","title":{"rendered":"Relojes especiales, el principal portal de relojer\u00eda en castellano"},"content":{"rendered":"<figure id=\"attachment_4328\" aria-describedby=\"caption-attachment-4328\" style=\"width: 200px\" class=\"wp-caption alignleft\"><a href=\"https:\/\/cdna.relojes-especiales.com\/blog\/wp-content\/uploads\/2013\/01\/relojes-especiales-cuadrado-f-negro-pequeno2.jpg\"><img loading=\"lazy\" decoding=\"async\" class=\"size-full wp-image-4328\" src=\"https:\/\/cdna.relojes-especiales.com\/blog\/wp-content\/uploads\/2013\/01\/relojes-especiales-cuadrado-f-negro-pequeno2.jpg\" alt=\"Relojes Especiales, el principal foro de relojer\u00eda en castellano\" width=\"200\" height=\"200\" srcset=\"https:\/\/cdna.relojes-especiales.com\/blog\/wp-content\/uploads\/2013\/01\/relojes-especiales-cuadrado-f-negro-pequeno2.jpg 200w, https:\/\/cdna.relojes-especiales.com\/blog\/wp-content\/uploads\/2013\/01\/relojes-especiales-cuadrado-f-negro-pequeno2-150x150.jpg 150w\" sizes=\"auto, (max-width: 200px) 100vw, 200px\" \/><\/a><figcaption id=\"caption-attachment-4328\" class=\"wp-caption-text\">Logotipo Relojes Especiales<\/figcaption><\/figure>\n<p><strong>Relojes Especiales<\/strong> es el principal <strong>portal de relojer\u00eda en castellano<\/strong>. Con el <a title=\"Foro Relojes Especiales\" href=\"https:\/\/relojes-especiales.com\/blog\/foros\/\" target=\"_blank\"><strong>Foro Relojes Especiales<\/strong><\/a> como origen y motor de la iniciativa, hoy esta p\u00e1gina web no s\u00f3lo es un punto de encuentro online para los aficionados a los relojes sino tambi\u00e9n un espacio de compraventa para establecimientos especializados en relojer\u00eda y, sobre todo, un lugar en el que compartir historias, noticias y conocimiento sobre el pasado, el presente y el futuro de la relojer\u00eda y sus principales marcas.<\/p>\n<p><span style=\"color: #000000;\">Nuestro objetivo es conocer y dar a conocer las <strong>novedades sobre el mundo de los relojes<\/strong> con el mayor rigor y cuidado as\u00ed como poner en contacto a aficionados de la relojer\u00eda de todo el mundo en habla castellana. Nuestra comunidad est\u00e1 formada por m\u00e1s de 53.000 usuarios online y, desde hace unos a\u00f1os, ha tenido su reflejo en el mundo offline gracias a las diversas <a title=\"Actualidad Relojes Especiales\" href=\"https:\/\/relojes-especiales.com\/blog\/noticias-relojes-especiales\/actualidad-relojes-especiales\/\"><strong>convocatorias sociale<span style=\"text-decoration: underline;\">s, eventos y proyectos<\/span><\/strong><\/a>\u00a0de los miembros del foro en Espa\u00f1a y el resto del mundo.<\/span><\/p>\n<p>&nbsp;<\/p>\n<h2>\u00bfQu\u00e9 encontrar\u00e1s en Relojes Especiales?<\/h2>\n<p>&nbsp;<\/p>\n<div class=\"sc-list sc-list-check\"><ul class=''>\n<li><a title=\"Foro Relojes Especiales\" href=\"https:\/\/relojes-especiales.com\/blog\/foros\/\" target=\"_blank\">Foro Relojes Especiales<\/a><\/li>\n<li><a title=\"Enciclopedia Historia de la Relojer\u00eda\" href=\"https:\/\/relojes-especiales.com\/blog\/historia-de-la-relojeria\/\" target=\"_blank\">Enciclopedia sobre la Historia de la Relojer\u00eda<\/a><\/li>\n<li><a title=\"Compraventa Relojes Especiales\" href=\"https:\/\/relojes-especiales.com\/blog\/foros\/area-de-compra-venta\/\" target=\"_blank\">Zona de Mercantes o compraventa especializada del foro<\/a><\/li>\n<li><a title=\"Tiendas en Relojes Especiales\" href=\"https:\/\/relojes-especiales.com\/blog\/app\/compraventa\/\" target=\"_blank\">Directorio de tiendas<\/a><\/li>\n<li><a title=\"Novedades Relojer\u00eda\" href=\"https:\/\/relojes-especiales.com\/blog\/noticias-relojes-especiales\/\" target=\"_blank\">\u00daltimas noticias sobre relojer\u00eda y marcas<\/a><\/li>\n<\/ul><\/div>\n<p>&nbsp;<\/p>\n<h4><strong>\u00bfQuieres saber un poco m\u00e1s sobre Relojes Especiales? \u00a0 \u00a0<\/strong><\/h4>\n<h4><strong> <a href=\"https:\/\/relojes-especiales.com\/blog\/los-origenes-de-relojes-especiales\/\">La historia de Relojes Especiales<\/a> <\/strong><\/h4>\n","protected":false},"excerpt":{"rendered":"<p>Relojes Especiales es el principal portal de relojer\u00eda en castellano. Con el Foro Relojes Especiales como origen y motor de la iniciativa, hoy esta p\u00e1gina<\/p>\n","protected":false},"author":1,"featured_media":0,"parent":0,"menu_order":0,"comment_status":"closed","ping_status":"closed","template":"page-blocks.php","meta":{"_seopress_robots_primary_cat":"","_seopress_titles_title":"Relojes especiales, el principal portal de relojer\u00eda en castellano","_seopress_titles_desc":"Relojes Especiales es el principal portal de relojer\u00eda en castellano donde se aloja el Foro Relojes Especiales, el m\u00e1s importante en lengua castellana.","_seopress_robots_index":"","footnotes":""},"class_list":["post-1931","page","type-page","status-publish","hentry"],"_links":{"self":[{"href":"https:\/\/relojes-especiales.com\/blog\/wp-json\/wp\/v2\/pages\/1931","targetHints":{"allow":["GET"]}}],"collection":[{"href":"https:\/\/relojes-especiales.com\/blog\/wp-json\/wp\/v2\/pages"}],"about":[{"href":"https:\/\/relojes-especiales.com\/blog\/wp-json\/wp\/v2\/types\/page"}],"author":[{"embeddable":true,"href":"https:\/\/relojes-especiales.com\/blog\/wp-json\/wp\/v2\/users\/1"}],"replies":[{"embeddable":true,"href":"https:\/\/relojes-especiales.com\/blog\/wp-json\/wp\/v2\/comments?post=1931"}],"version-history":[{"count":0,"href":"https:\/\/relojes-especiales.com\/blog\/wp-json\/wp\/v2\/pages\/1931\/revisions"}],"wp:attachment":[{"href":"https:\/\/relojes-especiales.com\/blog\/wp-json\/wp\/v2\/media?parent=1931"}],"curies":[{"name":"wp","href":"https:\/\/api.w.org\/{rel}","templated":true}]}}